test common divisor of 2430 and 3105.
135
What is the greatest common divisor of 42 and 12?
6
Calculate the highest common divisor of 588 and 24.
12
Calculate the greatest common factor of 133 and 1197.
133
Calculate the greatest common factor of 166 and 13114.
166
Calculate the greatest common divisor of 1425 and 50.
25
What is the highest common factor of 38 and 2318?
38
What is the highest common divisor of 76 and 342?
38
Calculate the highest common factor of 15 and 240.
15
Calculate the greatest common factor of 119 and 34.
17
Calculate the highest common factor of 423 and 94.
47
What is the greatest common divisor of 30 and 20?
10
Calculate the highest common factor of 440 and 30.
10
Calculate the greatest common divisor of 47 and 1363.
47
What is the highest common factor of 1472 and 23?
23
Calculate the highest common factor of 32 and 1664.
32
Calculate the highest common divisor of 102 and 33.
3
What is the greatest common factor of 6111 and 776?
97
Calculate the greatest common divisor of 1776 and 176.
16
Calculate the highest common divisor of 671 and 1037.
61
What is the greatest common divisor of 240 and 3744?
48
Calculate the greatest common factor of 64 and 2272.
32
What is the greatest common factor of 1248 and 12168?
312
What is the highest common divisor of 26741 and 17?
17
What is the greatest common divisor of 40 and 8?
8
What is the greatest common divisor of 16 and 104?
8
What is the highest common factor of 13 and 676?
13
Calculate the highest common factor of 4 and 964.
4
Calculate the greatest common divisor of 18 and 6486.
6
What is the highest common factor of 1798 and 186?
62
What is the greatest common divisor of 1038 and 6?
6
Calculate the greatest common factor of 45 and 1035.
45
Calculate the highest common factor of 3 and 3.
3
Calculate the greatest common factor of 310 and 80.
10
Calculate the greatest common divisor of 145 and 10.
5
Calculate the greatest common factor of 11477 and 23.
23
What is the highest common divisor of 272 and 1700?
68
Calculate the greatest common factor of 141 and 6.
3
What is the highest common factor of 3 and 65?
1
What is the highest common divisor of 15 and 20?
5
What is the highest common factor of 11955 and 15?
15
What is the highest common divisor of 20 and 21410?
10
What is the highest common divisor of 69 and 3?
3
Calculate the highest common divisor of 5219 and 136.
17
Calculate the greatest common divisor of 18 and 36.
18
What is the greatest common factor of 25320 and 360?
120
Calculate the greatest common factor of 2369 and 103.
103
Calculate the greatest common divisor of 212 and 53.
53
Calculate the greatest common factor of 396 and 72.
36
What is the greatest common divisor of 441 and 99?
9
Calculate the greatest common factor of 99 and 132.
33
What is the highest common factor of 245 and 4865?
35
What is the highest common factor of 208 and 143?
13
Calculate the greatest common factor of 7488 and 13.
13
Calculate the greatest common divisor of 418 and 22.
22
Calculate the greatest common factor of 41 and 1.
1
Calculate the greatest common factor of 81 and 891.
81
What is the highest common divisor of 10 and 30?
10
What is the greatest common divisor of 546 and 377?
13
What is the highest common divisor of 2780 and 230?
10
Calculate the highest common factor of 9528 and 36.
12
Calculate the greatest common divisor of 46 and 3013.
23
Calculate the highest common divisor of 193 and 69287.
193
What is the greatest common divisor of 9434 and 106?
106
What is the highest common divisor of 10 and 1255?
5
What is the greatest common factor of 1905 and 30?
15
What is the highest common factor of 88 and 4?
4
Calculate the highest common divisor of 56 and 1544.
8
Calculate the greatest common factor of 66 and 900.
6
Calculate the greatest common divisor of 333 and 555.
111
Calculate the highest common factor of 8 and 1016.
8
Calculate the greatest common divisor of 559 and 13.
13
What is the greatest common divisor of 544 and 96?
32
What is the highest common factor of 158 and 9638?
158
What is the greatest common factor of 15 and 870?
15
Calculate the greatest common factor of 4 and 166.
2
Calculate the greatest common factor of 82 and 3649.
41
Calculate the highest common divisor of 88 and 16.
8
Calculate the greatest common divisor of 485 and 5.
5
What is the highest common divisor of 69 and 27?
3
Calculate the greatest common divisor of 12 and 804.
12
Calculate the greatest common divisor of 1 and 1097.
1
Calculate the greatest common divisor of 21 and 861.
21
What is the highest common divisor of 6 and 114?
6
What is the greatest common divisor of 1141 and 98?
7
Calculate the highest common factor of 12 and 138.
6
Calculate the greatest common divisor of 2208 and 621.
69
Calculate the greatest common factor of 115 and 989.
23
What is the greatest common divisor of 21692 and 68?
68
Calculate the greatest common divisor of 2100 and 189.
21
What is the highest common factor of 9 and 657?
9
Calculate the highest common factor of 2795 and 13.
13
Calculate the greatest common divisor of 152 and 32.
8
What is the greatest common divisor of 2832 and 432?
48
What is the highest common divisor of 7344 and 252?
36
What is the highest common divisor of 817 and 43?
43
What is the greatest common divisor of 23 and 529?
23
Calculate the highest common factor of 30 and 70.
10
What is the highest common divisor of 14 and 4438?
14
Calculate the highest common divisor of 130 and 82160.
130
What is the greatest common factor of 120 and 40?
40
What is the highest common factor of 40 and 9?
1
Calculate the highest common factor of 75 and 500.
25
Calculate the highest common divisor of 32 and 328.
8
What is the highest common divisor of 216 and 224?
8
Calculate the greatest common factor of 46 and 17894.
46
Calculate the greatest common factor of 1643 and 53.
53
What is the highest common factor of 800 and 25?
25
What is the greatest common divisor of 88 and 5?
1
What is the greatest common factor of 5 and 2705?
5
Calculate the greatest common divisor of 774 and 18.
18
Calculate the highest common factor of 575 and 345.
115
Calculate the greatest common divisor of 1078 and 4214.
98
What is the greatest common factor of 10 and 201?
1
Calculate the highest common divisor of 267 and 57.
3
Calculate the highest common factor of 7720 and 30.
10
What is the highest common divisor of 416 and 442?
26
Calculate the highest common divisor of 15557 and 141.
47
What is the highest common factor of 64 and 2368?
64
Calculate the greatest common divisor of 21 and 119.
7
Calculate the greatest common factor of 86 and 12.
2
What is the highest common factor of 216 and 162?
54
Calculate the greatest common factor of 9168 and 12.
12
Calculate the highest common factor of 1054 and 68.
34
What is the greatest common divisor of 22600 and 100?
100
Calculate the highest common divisor of 6650 and 10.
10
Calculate the highest common divisor of 28 and 56.
28
Calculate the highest common factor of 324 and 405.
81
Calculate the highest common factor of 8 and 584.
8
What is the greatest common factor of 330 and 242?
22
Calculate the highest common factor of 72 and 492.
12
Calculate the greatest common factor of 1848 and 336.
168
Calculate the greatest common divisor of 9821 and 488.
61
What is the greatest common divisor of 101 and 404?
101
Calculate the greatest common divisor of 220 and 132.
44
Calculate the highest common factor of 1078 and 1848.
154
What is the highest common factor of 14 and 2282?
14
Calculate the greatest common divisor of 97 and 1.
1
What is the greatest common factor of 24 and 420?
12
What is the highest common divisor of 6 and 42?
6
What is the greatest common factor of 645 and 903?
129
What is the highest common divisor of 297 and 231?
33
What is the greatest common factor of 405 and 4?
1
Calculate the highest common factor of 33 and 19932.
33
Calculate the greatest common divisor of 3730 and 10.
10
Calculate the greatest common factor of 4 and 11.
1
Calculate the greatest common factor of 423 and 144.
9
What is the highest common factor of 74 and 111?
37
What is the greatest common factor of 12 and 654?
6
What is the greatest common divisor of 48 and 408?
24
Calculate the greatest common div